((-30)/(-46))/5) is divided by y.
10
Let x = -81 + 94. Suppose -5*d - 4 = 3*v, -3*v - d = -0*d - 4. Suppose v*n - x = 27. Calculate the remainder when 59 is divided by n.
19
Let i(k) = k**2 + k - 1. Calculate the remainder when i(10) is divided by 63/36*-4 - -23.
13
Suppose 3*d + 0*d - 19 = 2*k, 4*k = -8. Calculate the remainder when 16 is divided by d.
1
Suppose -4*g + 3*b + 2557 = 0, 0*g - 2*b = -2*g + 1280. Suppose 5*l + 8*l - g = 0. Calculate the remainder when l is divided by 13.
10
Let p = 59 - 41. Calculate the remainder when 31 is divided by p.
13
Let v(d) = -d**3 + 9*d**2 - 8*d + 4. Let c be v(8). Suppose -2*r = -c*u + 186 + 20, 5*u + 3*r - 263 = 0. What is the remainder when u is divided by 9?
7
Let g = -10 + 17. Suppose x = d - 2*x + 15, -2*d + 3 = 5*x. What is the remainder when (43 + 0)*(d + g) is divided by 15?
13
Suppose 168 = 11*h + h. Suppose 0 = -4*v + 334 + h. Calculate the remainder when v is divided by 22.
21
Let g(m) = -m**2 - 9*m - 15. Let l = 26 - 32. Let w be g(l). Suppose w*d = d + 214. Calculate the remainder when d is divided by 27.
26
Let t(p) = -2*p**3 - 15*p**2 - 8*p + 9. Suppose -4*d + 25 + 15 = 0. What is the remainder when t(-7) is divided by d?
6
Let g be -19*3*3/(-3). Suppose -q + g = 2*q. What is the remainder when 37 is divided by q?
18
Suppose 0 = 2*k - 312 - 128. Suppose 4*g = 17 - 1. Suppose -4*c + c + 2*h = -k, -4 = -g*h. Calculate the remainder when c is divided by 25.
24
Suppose f = 2*f. Let n(t) = -21 + 24 + f*t - 13*t. Calculate the remainder when n(-2) is divided by 11.
7
Suppose -3*v + 754 = -2*r, 3*v + 3*r = 2*v + 266. Calculate the remainder when v is divided by 32.
30
Suppose 3*b + 2 - 4 = -5*u, -b + 2 = 2*u. Let j be b/4*152/(-6). Suppose -x - 5*q + j = 0, -2*x = 3*x + 4*q - 85. What is the remainder when 51 is divided by x?
12
Suppose 5*v - 13 = -5*m + 6*v, 5*m = -5*v - 5. Let s(c) = 7*c**2 + 4*c - 2 - c - 1. Calculate the remainder when s(m) is divided by 17.
14
Suppose 2617 - 2546 = v. Calculate the remainder when 1063 is divided by v.
69
Let j = 11 - 11. Suppose y + 6 = -h + 5, j = 5*h + 2*y - 4. Suppose s + x = 4*x + 3, -h*x - 15 = -5*s. Calculate the remainder when s is divided by 2.
1
Let a(h) = h**2 - 23. Let u be a(-5). What is the remainder when 22 is divided by (7/21)/(u/72)?
10
Let v = 33 - 18. Suppose -1 = -w - 13. Let a = w + v. Calculate the remainder when 10 is divided by a.
1
Calculate the remainder when 53 is divided by (-5)/(-4*3/72).
23
Let j(m) be the first derivative of m**4/4 + 7*m**3/3 - m + 6. Let h(a) = 10*a**3 - a**2. Calculate the remainder when j(-3) is divided by h(1).
8
Suppose -5*b + 3*b - 4*f = 0, -2*b - f = -9. Let j(s) = 2*s - 6. Let w be j(5). Suppose w*y = 15 + 21. What is the remainder when y is divided by b?
3
Let h(r) = 2*r - 10. Let t be h(7). Suppose -d = -t*a - 6 - 45, 5*d = -5*a + 155. Calculate the remainder when d is divided by (12 - 1) + (-1 - 1 - -3).
11
Suppose 0 = u - 3*a + 13, -2*u - 3*a + 29 = 2*a. Let r(k) = -4 + 5*k + 1707*k**2 - 1699*k**2 + 0*k + 0 - 2*k. Calculate the remainder when r(u) is divided by 6.
4
Let j = -524 - -559. What is the remainder when j is divided by -24*-1*1/2?
11
Let p = -14 + 18. Suppose 0 = -p*z + 2 + 18. Let f = -19 - -31. What is the remainder when f is divided by z?
2
Calculate the remainder when 170 is divided by (-38)/(-3)*9/6.
18
Let h(p) = -8*p - 153. What is the remainder when 271 is divided by h(-26)?
51
Suppose y - 98 = -0*y. Suppose -4*x + 68 = -3*w, 3*x - 96 = -7*w - 2*w. Calculate the remainder when y is divided by x.
18
Suppose 5*r + 2*c + 17 + 78 = 0, 0 = 3*r - 5*c + 88. Let s = 27 + r. What is the remainder when s is divided by 2?
0
Suppose -5*o + 94 - 19 = 0. Calculate the remainder when o is divided by 0 + 3 + 0 + 5.
7
Suppose -p + 2*k - 1 = 0, 0*k + k - 50 = -5*p. Let l = 387 - 356. What is the remainder when l is divided by p?
4
Let z = 247 - 236. What is the remainder when 65 is divided by z?
10
Let v = -281 + 286. What is the remainder when 28 is divided by v?
3
What is the remainder when 27 is divided by 325/35 - (-2 + (-80)/(-35))?
0
Suppose -2*j = -l + 210, -9*l + 4*l - 3*j + 1024 = 0. Calculate the remainder when l is divided by 15.
11
Let m(z) = 5*z + 42. What is the remainder when 69 is divided by m(-1)?
32
Let g = -33 + 102. Calculate the remainder when g is divided by (42 - (-8)/30*(-135)/18) + -5.
34
Let l = 51 - 37. Let z = 3 - 3. Suppose z = -5*w - 0*w + 125. Calculate the remainder when w is divided by l.
11
Suppose 7*a - 30 - 5 = 0. Let o(x) = -x**3 + 4*x**2 + 11*x - 3. What is the remainder when o(a) is divided by 6?
3
Let n = -412 - -472. What is the remainder when n is divided by 16?
12
Suppose -2*a = -5*a + 9. Suppose -c + 19 = 3*p, a*c - 95 = -2*c + 5*p. What is the remainder when 73 is divided by c?
16
Calculate the remainder when 363/((9/2)/(-32 - -35)) is divided by 27.
26
Let q = -9 - -16. Let c(s) = -s**2 + 7*s + 7. Let f be c(q). Let t(k) = k + 2. Calculate the remainder when t(f) is divided by 4.
1
Let g(p) = -2*p + 1. What is the remainder when 161 is divided by g(-13)?
26
Suppose -2*i + 36 = 2*p, 2*i - 11 = -p + 8. Calculate the remainder when 57 is divided by p.
6
Let v(a) = -a**2 + 7*a - 2. Let n be v(4). Suppose -n*f + 7*f + 51 = 0. Calculate the remainder when 49 is divided by f.
15
Suppose -8*n + 91 = 75. Suppose -135 + 205 = n*f. Calculate the remainder when 135 is divided by f.
30
Suppose -9*s + 13*s = 740. Suppose 8*f = 10*f - 5*v - 74, -v = 5*f - s. Calculate the remainder when (365/15)/(2/12) is divided by f.
35
Suppose 5*s = 4*r + 223 - 45, 196 = 5*s + 2*r. What is the remainder when 75 is divided by s?
37
Let r be -1 + 0 - (-15 + 9). Suppose -5*y - 4*t = -y - 216, -r*y + 2*t + 270 = 0. What is the remainder when y is divided by 12?
6
Suppose -34*l - 221 = -51*l. What is the remainder when (-2)/(-9) + (-1130)/(-18) is divided by l?
11
Let r = 66 + -33. Calculate the remainder when 29630/90 - (-96)/(-432) is divided by r.
32
Suppose -4*i - 5*j + 166 = 0, -i - 49 + 53 = -5*j. Let w = 4 + 14. What is the remainder when i is divided by w?
16
Suppose 375 = 4*s + s. Let a(o) be the second derivative of o**4/12 + o**3/2 - 9*o**2/2 + 10*o. Calculate the remainder when s is divided by a(-7).
18
Suppose -7*g = 3*g - 80. Let a(k) = k**2 + k - 5. Let p be a(-4). What is the remainder when ((-434)/4)/p*-2 is divided by g?
7
Let x = -8 + 28. Let l(o) be the first derivative of o**3/3 - 7*o**2/2 + 7*o + 2. What is the remainder when x is divided by l(7)?
6
Let q = 42 + -20. Let i = 10 - 9. Calculate the remainder when q is divided by i*(11 + 1 - 0).
10
Let d(m) = m**3 + 3*m**2 - 6*m - 7. Let o be d(-4). Let a(y) = -6*y - 3. Calculate the remainder when o/(5 - 395/80) is divided by a(-2).
7
Suppose 2 = -0*v + 2*v. Let f(c) = 19*c**3 - c**2 + 2*c - 2. What is the remainder when 34 is divided by f(v)?
16
Suppose 5*l - 22 - 33 = 0. Let r(p) = 3*p**3 - 5*p**2 - 2. Let q be (-4)/(-6)*(7 - (-28)/(-7)). What is the remainder when l is divided by r(q)?
1
Suppose -54*r - 23*r + 6083 = 0. Let b(p) = 2*p**2 - 5. What is the remainder when r is divided by b(4)?
25
Suppose -2*x - 1638 = -3*h, 1647 = 3*h - 21*x + 22*x. What is the remainder when h is divided by 22?
20
Let d(c) = -37*c + 1748. Calculate the remainder when (-1)/(-2) - (-29)/2 is divided by d(47).
6
Let g(d) = 5*d**3 - d**2 + 2*d - 1. Let l be g(1). Suppose -50 = -l*k + 5*p, 2*k + 3*p - 38 = 7. What is the remainder when -1*((-174)/2)/1 is divided by k?
12
Calculate the remainder when 339 is divided by (10 - 2)*20/16.
9
Let p = 5 - -11. Suppose -24 + 15 = -3*l. What is the remainder when p is divided by l?
1
Let q = 1069 + -865. What is the remainder when q is divided by 54?
42
Suppose -f = -9 - 5. Suppose 2*g - 4 = 82. Let x = 11 + g. What is the remainder when x is divided by f?
12
Suppose -q + 26 = -0. Let o = -91 + 84. Let i = o + q. Calculate the remainder when i is divided by 5.
4
Let k(i) be the third derivative of i**6/120 - 17*i**5/60 + 5*i**4/4 + 11*i**3/3 - 39*i**2. Calculate the remainder when k(15) is divided by 8.
6
Suppose 4*p - 27 - 101 = 0. Calculate the remainder when 636 is divided by p.
28
Suppose -296 = -13*t + 315. What is the remainder when 135 is divided by t?
41
Let y be -1*(1 + -49) + -1. Su